-5*v. What are the prime factors of v?
2, 3
Suppose -2*f + 100 = 3*f. Suppose -2*a + 6*a = 4*q + 36, 4*q - f = -3*a. What are the prime factors of a?
2
Suppose 5*t + 0 = 30. Suppose o + 0*m - 12 = -4*m, -2*o = -2*m + t. Suppose o = -2*h + 8 + 16. What are the prime factors of h?
2, 3
Let j = -8 - -8. Suppose j*s - k - 25 = -4*s, -1 = k. List the prime factors of s.
2, 3
Let p(m) = -11*m - 4. Let v be p(4). Let k = v - -69. What are the prime factors of k?
3, 7
Suppose 0 = -0*o + o - 2. Suppose -o*n + 26 = 4*k, 0*k + 5*k - 55 = -4*n. What are the prime factors of n?
3, 5
Suppose 42 = 3*l + 3*u, 2*l - 3*u = -3*l + 70. Suppose -3*n + n = -l. List the prime factors of n.
7
Suppose 5*z + 7 - 32 = 0. Suppose -l = z*q + 10, -4*l + 3*q - 11 = 6. What are the prime factors of (-8)/l*(-10)/(-2)?
2
Suppose 3*g + v = 4*g - 160, -5*g = -4*v - 797. List the prime factors of g.
157
Let c = -6 - -4. Let p be (5 - -56)/(c/(-2)). Suppose -4*b + z + p = 9, -3*b + 44 = -2*z. What are the prime factors of b?
2, 3
Suppose -4*r = 2*t - 0*r - 32, -48 = -3*t - 2*r. Let m = 48 - t. Suppose -m = -3*o - 0*i - 5*i, 0 = 5*o - 4*i - 41. What are the prime factors of o?
3
Suppose -3 = 2*s - 4*c - 5, -5*s - 13 = -c. Let p be ((-6)/(-9))/((-1)/s). What are the prime factors of 7 + 0 + (p - 0)?
3
Let t be 1/(-3) - 91/(-39). Suppose -5*b = -3*n - 111, 2*b - t*n = 7*b - 126. What are the prime factors of b?
2, 3
Let o be (4/5)/((-1)/5). Let b(y) = -6*y + 1. What are the prime factors of b(o)?
5
Let y(m) = 35*m - 17. Let t(o) = -6*o + 3. Let z(j) = -34*t(j) - 6*y(j). List the prime factors of z(-3).
2, 3
Let u(o) = -o + 5. What are the prime factors of u(-10)?
3, 5
Suppose i - 440 = -4*i - 4*x, 2*i - 153 = 3*x. List the prime factors of i.
2, 3, 7
Suppose 0 = -3*b - 0 + 15. List the prime factors of (2/b)/(6/60).
2
Let l be 18/24 + (-69)/(-4). Let c = l - 10. What are the prime factors of c?
2
Suppose -2*s - 5*u + 143 = 0, 2*u - 5*u = 2*s - 141. List the prime factors of s.
3, 23
Suppose 0*k = -5*k. Let g(p) = 3*p**2 - p - 6. Let t(v) = -5*v**2 + 2*v + 11. Let b(d) = 7*g(d) + 4*t(d). List the prime factors of b(k).
2
Let r = 13 + -3. List the prime factors of r.
2, 5
Suppose -20 = -2*p + 4. What are the prime factors of p?
2, 3
Let o(g) be the third derivative of g**4/24 + 13*g**3/6 + 3*g**2. List the prime factors of o(-9).
2
Let m = -9 + 18. Let o = 11 + m. List the prime factors of o.
2, 5
What are the prime factors of (-2 - -18) + 5 + (-3)/1?
2, 3
Suppose -10 = -s + 2*p + 20, 0 = -3*s + 2*p + 86. List the prime factors of s.
2, 7
Let z(q) = 7*q**3 + q**2 + q + 1. Let p be z(-1). Let a = p + 10. List the prime factors of a.
2
Suppose 0 = -4*r + 5*a + 25, 2*r - 20 = -2*r + 4*a. List the prime factors of (36/(-2))/(-3) + r.
2, 3
Suppose z - 44 + 19 = 0. List the prime factors of z.
5
Suppose r = 7 + 29. What are the prime factors of r?
2, 3
Let w(y) = y**2 + 5*y - 2. Suppose -12 = -7*p + 4*p. List the prime factors of w(p).
2, 17
Let t = -13 + 18. Let o be t/2 - 9/(-18). Suppose -4 = -o*u + 5. What are the prime factors of u?
3
Let x = -157 + 295. List the prime factors of x.
2, 3, 23
Suppose d = -0*k + 4*k - 1, 2*d + 4*k = -26. Suppose 4*j + 3*g = 2*j - 31, 80 = -5*j - 5*g. Let h = d - j. List the prime factors of h.
2
Let u be (2/(-4))/(3/(-30)). Let q(g) = g**3 - 4*g**2 + g - 2. Let t be q(4). Let y = u + t. What are the prime factors of y?
7
Let p(f) = -5*f**3 - f**2 - f. Let b be p(-1). Suppose b*q - 41 = -0*t - 4*t, -t = -q + 1. List the prime factors of t.
2
Let f(w) = -w**3 - 2*w**2 - 3*w - 1. Let y(r) = r**3 + r**2 + 2*r + 2. Let i(k) = 2*f(k) + 3*y(k). List the prime factors of i(0).
2
Let u(k) = -k**3 - 6*k**2 - 6*k + 4. Suppose i + 15 = -2*i. Let n be u(i). What are the prime factors of (n/5)/((-3)/(-15))?
3
Suppose 4*n - 2*l + 1 = -1, -l = -3*n. List the prime factors of n*1/((-3)/(-9)).
3
Let x = 266 + 69. What are the prime factors of x?
5, 67
Let o(a) = a - 10. Let p be o(7). Let x be 0 - (p + (-2)/(-2)). Suppose -29 = -x*w - 3*i, -3*w - 2*i + 26 = -10. List the prime factors of w.
2, 5
Let v(w) = -15*w - 9. Let u be v(-10). Let c be (-1)/(-2) - u/(-6). Suppose -2*j + 0 + c = 0. List the prime factors of j.
2, 3
Let a(t) = 3*t + 2 + 14*t + 2*t. What are the prime factors of a(1)?
3, 7
Suppose y = -y, -24 = -3*m - 2*y. Let h be m - 2*2/(-4). Suppose -4*u = -h*u + 45. List the prime factors of u.
3
Let d(k) = -k**3 + 6*k**2 + 5*k - 4. What are the prime factors of d(6)?
2, 13
Let i(o) = -9*o - 20. Let k(a) = 3*a + 7. Let x(q) = 4*i(q) + 11*k(q). What are the prime factors of x(-6)?
3, 5
Let p = 291 + -201. What are the prime factors of p?
2, 3, 5
Let o be (2/(-5))/((-3)/30). Suppose -o*j + 27 = -j. List the prime factors of j.
3
Suppose -5 = -4*f - 21. Let j(i) = -i - 2. List the prime factors of j(f).
2
Suppose 0 = 23*l - 19*l - 64. What are the prime factors of l?
2
Let k(o) = o + 21. Let d be k(-12). What are the prime factors of 11/3 - 6/d?
3
Suppose 0 = -3*q + 2*m + 75, 0*m + 107 = 4*q - 5*m. List the prime factors of q.
23
Suppose x = 2*b - 3*b + 6, -5*x - 2*b = -36. Suppose 0 = 4*j - x - 4. Suppose -5*q - 3*v = -45, j*q - 2 = -3*v + 19. List the prime factors of q.
2, 3
Suppose -4*i = i + 10. Let j = 11 - i. What are the prime factors of j?
13
Let c(m) be the first derivative of m**3/3 + m**2 - 7*m + 4. List the prime factors of c(-5).
2
Let s(o) = 2*o - 15. Let v be s(10). Let k = 18 - v. What are the prime factors of k?
13
Suppose 41 = 5*b - 109. What are the prime factors of b?
2, 3, 5
Let w = 362 - 119. List the prime factors of w.
3
Suppose -4*h = -0*h + f - 1, -f + 1 = -4*h. Suppose h*k = -2*k + 6. What are the prime factors of k?
3
Suppose -17 + 1 = -4*b. Suppose -5*x = b*m - 11 - 61, 53 = 5*m - 3*x. List the prime factors of m.
13
Let k be 4/(-14) + 23/7. Let q be (-2)/2 + k - 0. Suppose q = -5*r + 37. What are the prime factors of r?
7
Let k = 3 - 7. List the prime factors of (10/k)/(5/(-10)).
5
Let n = 123 - 65. What are the prime factors of n?
2, 29
Let q(d) = d**2 - 8*d. Let l be q(6). Let a = l + 20. What are the prime factors of a?
2
Let j = 5 - -16. List the prime factors of 98/j + 2/6.
5
Suppose -5*f + 0*h = -5*h - 150, 0 = -4*f - 2*h + 126. What are the prime factors of f?
31
Let f be (-7)/21 + (-59)/3. List the prime factors of (36/(-15))/(6/f).
2
Suppose 5*m - 12 = 2*m. Suppose 2*i - 4*g + 2 = -0, -m*i + 4*g = 0. What are the prime factors of -2*21/(-6)*i?
7
Let l(m) = m**3 + m**2 - m + 16. List the prime factors of l(0).
2
Let u = 3 + 1. Let x = 4 + u. List the prime factors of x.
2
Suppose -5*s + 206 = 5*h + 46, -2*s = -3*h + 121. List the prime factors of h.
37
Suppose h + 4*h - 75 = 0. List the prime factors of ((-6)/(-9))/(2/h).
5
Let v(t) = 12*t**3 - 4*t**2 + 5*t - 4. What are the prime factors of v(2)?
2, 43
Let q be (-43)/(-4) - 3/(-12). Suppose p - q = -0*w + w, -w + 1 = 0. What are the prime factors of p?
2, 3
Let n be 19/(-3*(-1)/3). Let o = n - 7. List the prime factors of o.
2, 3
Let b(h) = 6*h**2 + 17*h + 1. What are the prime factors of b(-9)?
2, 167
Suppose w + 36 = 4*w. Let t be (-628)/(-24) + (-2)/w. Suppose t = -f + 3*f. What are the prime factors of f?
13
Let h = 178 - 49. List the prime factors of h.
3, 43
Let g(x) be the third derivative of -x**4/24 + x**3/2 - 2*x**2. Suppose -4*k - m - 23 = 0, -m = 3*k + m + 21. List the prime factors of g(k).
2
Suppose -b = 5*w - 56, 2*w - b = -w + 32. Let o = w - -27. What are the prime factors of o?
2, 19
Let d = 5 - 1. Suppose 3*w + 5*x - 22 = 0, w + d*x = -6 + 25. Let r = 5 + w. What are the prime factors of r?
2
Suppose -4*i - 16 + 4 = 0. List the prime factors of 25 + -2 - i/(-1).
2, 5
Let b = -30 + 42. List the prime factors of b.
2, 3
Let n = 2 - -3. Suppose -n*a + 47 = 7. List the prime factors of a.
2
Let i = 2 + -2. Let c(d) = 2*d - 2. Let z be c(3). Suppose i*v + v = z. List the prime factors of v.
2
Suppose -22*v + 14*v = -1280. List the prime factors of v.
2, 5
Let u = -14 - -78. List the prime factors of u.
2
Suppose -3*o + 54 = 3*u - 2*u, 2*o = -3*u + 36. What are the prime factors of o?
2, 3
Let s be 2 - 1 - (3 - -1). Let z = -2 - s. Let b = z + 3. List the prime factors of b.
2
Let k = 3 - 1. Let p(l) = -k*l**2 - l**3 - l**2 - 2 - 2 + l. List the prime factors 